{"id":10719,"date":"2025-09-08T11:07:31","date_gmt":"2025-09-08T09:07:31","guid":{"rendered":"https:\/\/ternura.pl\/?product=zestaw-do-pielegnacji-welny"},"modified":"2025-11-19T14:12:04","modified_gmt":"2025-11-19T13:12:04","slug":"zestaw-do-pielegnacji-welny","status":"publish","type":"product","link":"https:\/\/ternura.pl\/?product=zestaw-do-pielegnacji-welny","title":{"rendered":"Zestaw do piel\u0119gnacji we\u0142ny"},"content":{"rendered":"","protected":false},"excerpt":{"rendered":"<p><strong>Zestaw do piel\u0119gnacji we\u0142nianych rzeczy<\/strong><\/p>\n<p>Praktyczny i elegancki zestaw, kt\u00f3ry zadba o Twoje ulubione we\u0142niane ubrania i zapewni im d\u0142u\u017csz\u0105 trwa\u0142o\u015b\u0107. W sk\u0142ad zestawu wchodz\u0105:<\/p>\n<ul>\n<li><strong>Drewniany grzebyk<\/strong>: Ma\u0142y, zgrabny i wygodny w u\u017cyciu, idealny do piel\u0119gnacji swetr\u00f3w z d\u0142ugim w\u0142osem lub puchatych materia\u0142\u00f3w, kt\u00f3rych nie nale\u017cy goli\u0107 golark\u0105. Grzebie\u0144 skutecznie usuwa zmechacenia i kulki powsta\u0142e podczas noszenia, chroni\u0105c delikatn\u0105 struktur\u0119 w\u0142\u00f3kien.<\/li>\n<li><strong>Woreczek z suszon\u0105 lawend\u0105<\/strong>: Subtelny zapach lawendy zamkni\u0119ty w woreczku z organzy to nie tylko aromatyczna ozdoba do szafy, ale r\u00f3wnie\u017c naturalny spos\u00f3b na odstraszenie moli ubraniowych.<\/li>\n<\/ul>\n<p>Ca\u0142y zestaw jest starannie zapakowany w jutowy woreczek, dzi\u0119ki czemu sprawdzi si\u0119 r\u00f3wnie\u017c jako pomys\u0142 na wyj\u0105tkowy prezent.<\/p>\n","protected":false},"featured_media":10542,"template":"","meta":{"_monsterinsights_skip_tracking":false,"_monsterinsights_sitenote_active":false,"_monsterinsights_sitenote_note":"","_monsterinsights_sitenote_category":0},"product_brand":[],"product_cat":[58,22,51],"product_tag":[],"class_list":{"0":"post-10719","1":"product","2":"type-product","3":"status-publish","4":"has-post-thumbnail","6":"product_cat-nowa-dostawa","7":"product_cat-nowosci","8":"product_cat-akcesoria","10":"first","11":"instock","12":"featured","13":"shipping-taxable","14":"purchasable","15":"product-type-simple"},"aioseo_notices":[],"jetpack_sharing_enabled":true,"_links":{"self":[{"href":"https:\/\/ternura.pl\/index.php?rest_route=\/wp\/v2\/product\/10719","targetHints":{"allow":["GET"]}}],"collection":[{"href":"https:\/\/ternura.pl\/index.php?rest_route=\/wp\/v2\/product"}],"about":[{"href":"https:\/\/ternura.pl\/index.php?rest_route=\/wp\/v2\/types\/product"}],"wp:featuredmedia":[{"embeddable":true,"href":"https:\/\/ternura.pl\/index.php?rest_route=\/wp\/v2\/media\/10542"}],"wp:attachment":[{"href":"https:\/\/ternura.pl\/index.php?rest_route=%2Fwp%2Fv2%2Fmedia&parent=10719"}],"wp:term":[{"taxonomy":"product_brand","embeddable":true,"href":"https:\/\/ternura.pl\/index.php?rest_route=%2Fwp%2Fv2%2Fproduct_brand&post=10719"},{"taxonomy":"product_cat","embeddable":true,"href":"https:\/\/ternura.pl\/index.php?rest_route=%2Fwp%2Fv2%2Fproduct_cat&post=10719"},{"taxonomy":"product_tag","embeddable":true,"href":"https:\/\/ternura.pl\/index.php?rest_route=%2Fwp%2Fv2%2Fproduct_tag&post=10719"}],"curies":[{"name":"wp","href":"https:\/\/api.w.org\/{rel}","templated":true}]}}